{"id":82,"date":"2020-06-21T20:46:56","date_gmt":"2020-06-21T18:46:56","guid":{"rendered":"https:\/\/www.24-7auto.at\/?page_id=82"},"modified":"2020-06-21T20:46:57","modified_gmt":"2020-06-21T18:46:57","slug":"impressum","status":"publish","type":"page","link":"https:\/\/www.24-7auto.at\/?page_id=82","title":{"rendered":"Impressum"},"content":{"rendered":"\n<p>Bitte beachten Sie folgende rechtliche Hinweise zu dieser Site: \u201eDiese Website kann Hinweise auf andere Eigentumsrechte und Informationen zu Urheberrechten enthalten, die beachtet und befolgt werden m\u00fcssen. Dies gilt insbesondere f\u00fcr Logos und Bilder. Das Herunterladen, Drucken und Speichern von Dateien dieser Website f\u00fcr den ausschlie\u00dflich privaten Gebrauch ist gestattet, dar\u00fcber hinausgehende Nutzung bedarf der ausdr\u00fccklichen Zustimmung der Firma 24-7 Auto Abschleppdienst.<\/p>\n\n\n\n<p>Die Firma 24-7 Auto Abschleppdienst \u00fcbernimmt keine Haftung f\u00fcr Datenverlust oder andere technische Beeintr\u00e4chtigungen, die beim Betrachten oder Herunterladen von Daten dieser Website entstehen k\u00f6nnen. Bei Links zu anderen Websites \u00fcbernimmt die Fa. 24-7 Auto Abschleppdienst keine Haftung f\u00fcr deren Inhalt.\u201c Es besteht kein Anspruch auf Vollst\u00e4ndigkeit!\u00a0\u00c4nderungen, Irrt\u00fcmer, Satz- und Druckfehler vorbehalten!<\/p>\n\n\n\n<p>Firma<br>24-7 Auto &#8211; Enes Dzidic<br>Meinhartsdorfergasse 3<br>AT-1150 Wien<br>+43 676 662 72 15<br><\/p>\n","protected":false},"excerpt":{"rendered":"<p>Bitte beachten Sie folgende rechtliche Hinweise zu dieser Site: \u201eDiese Website kann Hinweise auf andere Eigentumsrechte und Informationen zu Urheberrechten enthalten, die beachtet und befolgt werden m\u00fcssen. Dies gilt insbesondere f\u00fcr Logos und Bilder. Das Herunterladen, Drucken und Speichern von Dateien dieser Website f\u00fcr den ausschlie\u00dflich privaten Gebrauch ist gestattet, dar\u00fcber hinausgehende Nutzung bedarf der [&hellip;]<\/p>\n","protected":false},"author":1,"featured_media":0,"parent":0,"menu_order":0,"comment_status":"closed","ping_status":"closed","template":"","meta":[],"_links":{"self":[{"href":"https:\/\/www.24-7auto.at\/index.php?rest_route=\/wp\/v2\/pages\/82"}],"collection":[{"href":"https:\/\/www.24-7auto.at\/index.php?rest_route=\/wp\/v2\/pages"}],"about":[{"href":"https:\/\/www.24-7auto.at\/index.php?rest_route=\/wp\/v2\/types\/page"}],"author":[{"embeddable":true,"href":"https:\/\/www.24-7auto.at\/index.php?rest_route=\/wp\/v2\/users\/1"}],"replies":[{"embeddable":true,"href":"https:\/\/www.24-7auto.at\/index.php?rest_route=%2Fwp%2Fv2%2Fcomments&post=82"}],"version-history":[{"count":1,"href":"https:\/\/www.24-7auto.at\/index.php?rest_route=\/wp\/v2\/pages\/82\/revisions"}],"predecessor-version":[{"id":83,"href":"https:\/\/www.24-7auto.at\/index.php?rest_route=\/wp\/v2\/pages\/82\/revisions\/83"}],"wp:attachment":[{"href":"https:\/\/www.24-7auto.at\/index.php?rest_route=%2Fwp%2Fv2%2Fmedia&parent=82"}],"curies":[{"name":"wp","href":"https:\/\/api.w.org\/{rel}","templated":true}]}}