{"id":2,"date":"2020-06-21T15:48:34","date_gmt":"2020-06-21T15:48:34","guid":{"rendered":"https:\/\/www.24-7auto.at\/?page_id=2"},"modified":"2022-06-03T10:20:30","modified_gmt":"2022-06-03T08:20:30","slug":"sample-page","status":"publish","type":"page","link":"https:\/\/www.24-7auto.at\/","title":{"rendered":"Dienstleistungen"},"content":{"rendered":"\n<div class=\"wp-block-columns alignwide are-vertically-aligned-center\">\n<div class=\"wp-block-column is-vertically-aligned-center\">\n<p>Wir schleppen ab, setzen um und bergen sicher \u2013 in der Stadt, auf dem Land, Stra\u00dfe, Autobahn, Gel\u00e4nde, Graben, Grube, Parkhaus oder Tiefgarage. Von Motorrad \u00fcber Pkw bis hin zum komplett beladenem Anh\u00e4nger, Wohnmobil, Sattelzug oder Verkehrsbus. Wir fragen gezielt, sch\u00e4tzen Deine Situation schnell ein, koordinieren zielbringend und handeln sofort. Wir sind Dein Partner vor Ort, erfahren und zuverl\u00e4ssig.&nbsp;<\/p>\n\n\n\n<p>Informiere Dich gleich pers\u00f6nlich, wir sind jederzeit f\u00fcr Dich erreichbar!<\/p>\n\n\n\n<p>24-7 Auto \u2013 Enes Dzidic<br>Meinhartsdorfergasse 3<br>AT-1150 Wien<br>+43 676 662 72 15<\/p>\n<\/div>\n\n\n\n<div class=\"wp-block-column is-vertically-aligned-center\">\n<figure class=\"wp-block-image size-large is-resized is-style-default\"><img loading=\"lazy\" src=\"https:\/\/www.24-7auto.at\/wp-content\/uploads\/2020\/12\/PHOTO-2020-12-06-22-09-50-1024x682.jpg\" alt=\"\" class=\"wp-image-107\" width=\"768\" height=\"512\" srcset=\"https:\/\/www.24-7auto.at\/wp-content\/uploads\/2020\/12\/PHOTO-2020-12-06-22-09-50-1024x682.jpg 1024w, https:\/\/www.24-7auto.at\/wp-content\/uploads\/2020\/12\/PHOTO-2020-12-06-22-09-50-300x200.jpg 300w, https:\/\/www.24-7auto.at\/wp-content\/uploads\/2020\/12\/PHOTO-2020-12-06-22-09-50-768x512.jpg 768w, https:\/\/www.24-7auto.at\/wp-content\/uploads\/2020\/12\/PHOTO-2020-12-06-22-09-50-1536x1023.jpg 1536w, https:\/\/www.24-7auto.at\/wp-content\/uploads\/2020\/12\/PHOTO-2020-12-06-22-09-50.jpg 1600w\" sizes=\"(max-width: 768px) 100vw, 768px\" \/><\/figure>\n<\/div>\n<\/div>\n\n\n\n<section id=\"section-e37481a8-8a54-4fdd-9ae6-87c4810c3126\" class=\"wp-block-gutentor-list alignwide gutentor-section gutentor-list-wrapper list-template1 has-color-bg has-custom-bg wow fadeIn has-gutentor-block-shape-top animated\" data-wow-animation=\"fadeIn\" data-wow-delay=\"0s\" data-wow-speed=\"4s\" data-wow-iteration=\"\"><div class=\"gutentor-block-shape-top\"><span><svg xmlns=\"http:\/\/www.w3.org\/2000\/svg\" viewBox=\"0 0 1000 100\" preserveAspectRatio=\"none\"><path d=\"M0,22.3V0H1000V100Z\" transform=\"translate(0 0)\" style=\"opacity:0.66\"><\/path><path d=\"M0,6V0H1000V100Z\" transform=\"translate(0 0)\"><\/path><\/svg><\/span><\/div><div class=\"grid-container\"><div class=\"gutentor-block-header\"><div class=\"gutentor-section-title text-left wow animated undefined\"><h2 class=\"gutentor-title\">Unsere Dienstleistungen<\/h2><\/div><\/div><ul class=\"grid-row gutentor-grid-item-wrap list-indicator-icon wow animated undefined text-left gutentor-rm-row-space-d\"><li class=\"gutentor-list-item grid-lg-6 grid-12 grid-12 gutentor-rm-col-space-d\"><span class=\"gutentor-single-item gutentor-single-item-0\"><span class=\"gutentor-list-item-wrap\"><span class=\"gutentor-single-list-item-icon\"><i class=\"list-item-icon fa fa-check\"><\/i><\/span><span class=\"gutentor-list-item\"><p class=\"gutentor-single-item-title\">Abschleppdienst bis zur n\u00e4chsten Werkstatt<\/p><\/span><\/span><\/span><\/li><li class=\"gutentor-list-item grid-lg-6 grid-12 grid-12 gutentor-rm-col-space-d\"><span class=\"gutentor-single-item gutentor-single-item-1\"><span class=\"gutentor-list-item-wrap\"><span class=\"gutentor-single-list-item-icon\"><i class=\"list-item-icon fa fa-check\"><\/i><\/span><span class=\"gutentor-list-item\"><p class=\"gutentor-single-item-title\">Pannenhilfe<\/p><\/span><\/span><\/span><\/li><li class=\"gutentor-list-item grid-lg-6 grid-12 grid-12 gutentor-rm-col-space-d\"><span class=\"gutentor-single-item gutentor-single-item-2\"><span class=\"gutentor-list-item-wrap\"><span class=\"gutentor-single-list-item-icon\"><i class=\"list-item-icon fa fa-check\"><\/i><\/span><span class=\"gutentor-list-item\"><p class=\"gutentor-single-item-title\">Autoentsorgung<\/p><\/span><\/span><\/span><\/li><li class=\"gutentor-list-item grid-lg-6 grid-12 grid-12 gutentor-rm-col-space-d\"><span class=\"gutentor-single-item gutentor-single-item-3\"><span class=\"gutentor-list-item-wrap\"><span class=\"gutentor-single-list-item-icon\"><i class=\"list-item-icon fa fa-check\"><\/i><\/span><span class=\"gutentor-list-item\"><p class=\"gutentor-single-item-title\">Autotransport von A nach B<\/p><\/span><\/span><\/span><\/li><li class=\"gutentor-list-item grid-lg-6 grid-12 grid-12 gutentor-rm-col-space-d\"><span class=\"gutentor-single-item gutentor-single-item-4\"><span class=\"gutentor-list-item-wrap\"><span class=\"gutentor-single-list-item-icon\"><i class=\"list-item-icon fa fa-check\"><\/i><\/span><span class=\"gutentor-list-item\"><p class=\"gutentor-single-item-title\">Autovermietung <\/p><\/span><\/span><\/span><\/li><li class=\"gutentor-list-item grid-lg-6 grid-12 grid-12 gutentor-rm-col-space-d\"><span class=\"gutentor-single-item gutentor-single-item-5\"><span class=\"gutentor-list-item-wrap\"><span class=\"gutentor-single-list-item-icon\"><i class=\"list-item-icon fa fa-check\"><\/i><\/span><span class=\"gutentor-list-item\"><p class=\"gutentor-single-item-title\">Wartung und Pflege von KFZ (KFZ Service)<br><\/p><\/span><\/span><\/span><\/li><li class=\"gutentor-list-item grid-lg-6 grid-12 grid-12 gutentor-rm-col-space-d\"><span class=\"gutentor-single-item gutentor-single-item-6\"><span class=\"gutentor-list-item-wrap\"><span class=\"gutentor-single-list-item-icon\"><i class=\"list-item-icon fa fa-check\"><\/i><\/span><span class=\"gutentor-list-item\"><p class=\"gutentor-single-item-title\">Anh\u00e4ngervermietung<\/p><\/span><\/span><\/span><\/li><\/ul><\/div><\/section>\n\n\n\n<div style=\"height:100px\" aria-hidden=\"true\" class=\"wp-block-spacer\"><\/div>\n\n\n\n<figure class=\"wp-block-gallery alignwide columns-6 is-cropped\"><ul class=\"blocks-gallery-grid\"><li class=\"blocks-gallery-item\"><figure><img loading=\"lazy\" width=\"300\" height=\"200\" src=\"https:\/\/www.24-7auto.at\/wp-content\/uploads\/2020\/12\/PHOTO-2020-12-06-22-09-50-300x200.jpg\" alt=\"\" data-id=\"107\" data-full-url=\"https:\/\/www.24-7auto.at\/wp-content\/uploads\/2020\/12\/PHOTO-2020-12-06-22-09-50.jpg\" data-link=\"https:\/\/www.24-7auto.at\/?attachment_id=107\" class=\"wp-image-107\" srcset=\"https:\/\/www.24-7auto.at\/wp-content\/uploads\/2020\/12\/PHOTO-2020-12-06-22-09-50-300x200.jpg 300w, https:\/\/www.24-7auto.at\/wp-content\/uploads\/2020\/12\/PHOTO-2020-12-06-22-09-50-1024x682.jpg 1024w, https:\/\/www.24-7auto.at\/wp-content\/uploads\/2020\/12\/PHOTO-2020-12-06-22-09-50-768x512.jpg 768w, https:\/\/www.24-7auto.at\/wp-content\/uploads\/2020\/12\/PHOTO-2020-12-06-22-09-50-1536x1023.jpg 1536w, https:\/\/www.24-7auto.at\/wp-content\/uploads\/2020\/12\/PHOTO-2020-12-06-22-09-50.jpg 1600w\" sizes=\"(max-width: 300px) 100vw, 300px\" \/><\/figure><\/li><li class=\"blocks-gallery-item\"><figure><img loading=\"lazy\" width=\"200\" height=\"300\" src=\"https:\/\/www.24-7auto.at\/wp-content\/uploads\/2020\/12\/PHOTO-2020-12-06-22-09-53-1-200x300.jpg\" alt=\"\" data-id=\"110\" data-full-url=\"https:\/\/www.24-7auto.at\/wp-content\/uploads\/2020\/12\/PHOTO-2020-12-06-22-09-53-1.jpg\" data-link=\"https:\/\/www.24-7auto.at\/?attachment_id=110\" class=\"wp-image-110\" srcset=\"https:\/\/www.24-7auto.at\/wp-content\/uploads\/2020\/12\/PHOTO-2020-12-06-22-09-53-1-200x300.jpg 200w, https:\/\/www.24-7auto.at\/wp-content\/uploads\/2020\/12\/PHOTO-2020-12-06-22-09-53-1-682x1024.jpg 682w, https:\/\/www.24-7auto.at\/wp-content\/uploads\/2020\/12\/PHOTO-2020-12-06-22-09-53-1-768x1153.jpg 768w, https:\/\/www.24-7auto.at\/wp-content\/uploads\/2020\/12\/PHOTO-2020-12-06-22-09-53-1-1023x1536.jpg 1023w, https:\/\/www.24-7auto.at\/wp-content\/uploads\/2020\/12\/PHOTO-2020-12-06-22-09-53-1.jpg 1066w\" sizes=\"(max-width: 200px) 100vw, 200px\" \/><\/figure><\/li><li class=\"blocks-gallery-item\"><figure><img loading=\"lazy\" width=\"169\" height=\"300\" src=\"https:\/\/www.24-7auto.at\/wp-content\/uploads\/2020\/12\/PHOTO-2020-12-06-22-09-47-1-169x300.jpg\" alt=\"\" data-id=\"113\" data-full-url=\"https:\/\/www.24-7auto.at\/wp-content\/uploads\/2020\/12\/PHOTO-2020-12-06-22-09-47-1.jpg\" data-link=\"https:\/\/www.24-7auto.at\/?attachment_id=113\" class=\"wp-image-113\" srcset=\"https:\/\/www.24-7auto.at\/wp-content\/uploads\/2020\/12\/PHOTO-2020-12-06-22-09-47-1-169x300.jpg 169w, https:\/\/www.24-7auto.at\/wp-content\/uploads\/2020\/12\/PHOTO-2020-12-06-22-09-47-1-576x1024.jpg 576w, https:\/\/www.24-7auto.at\/wp-content\/uploads\/2020\/12\/PHOTO-2020-12-06-22-09-47-1-768x1365.jpg 768w, https:\/\/www.24-7auto.at\/wp-content\/uploads\/2020\/12\/PHOTO-2020-12-06-22-09-47-1-864x1536.jpg 864w, https:\/\/www.24-7auto.at\/wp-content\/uploads\/2020\/12\/PHOTO-2020-12-06-22-09-47-1.jpg 900w\" sizes=\"(max-width: 169px) 100vw, 169px\" \/><\/figure><\/li><li class=\"blocks-gallery-item\"><figure><img loading=\"lazy\" width=\"169\" height=\"300\" src=\"https:\/\/www.24-7auto.at\/wp-content\/uploads\/2020\/12\/PHOTO-2020-12-06-22-09-48-169x300.jpg\" alt=\"\" data-id=\"114\" data-full-url=\"https:\/\/www.24-7auto.at\/wp-content\/uploads\/2020\/12\/PHOTO-2020-12-06-22-09-48.jpg\" data-link=\"https:\/\/www.24-7auto.at\/?attachment_id=114\" class=\"wp-image-114\" srcset=\"https:\/\/www.24-7auto.at\/wp-content\/uploads\/2020\/12\/PHOTO-2020-12-06-22-09-48-169x300.jpg 169w, https:\/\/www.24-7auto.at\/wp-content\/uploads\/2020\/12\/PHOTO-2020-12-06-22-09-48-576x1024.jpg 576w, https:\/\/www.24-7auto.at\/wp-content\/uploads\/2020\/12\/PHOTO-2020-12-06-22-09-48-768x1365.jpg 768w, https:\/\/www.24-7auto.at\/wp-content\/uploads\/2020\/12\/PHOTO-2020-12-06-22-09-48-864x1536.jpg 864w, https:\/\/www.24-7auto.at\/wp-content\/uploads\/2020\/12\/PHOTO-2020-12-06-22-09-48.jpg 900w\" sizes=\"(max-width: 169px) 100vw, 169px\" \/><\/figure><\/li><li class=\"blocks-gallery-item\"><figure><img loading=\"lazy\" width=\"300\" height=\"200\" src=\"https:\/\/www.24-7auto.at\/wp-content\/uploads\/2020\/12\/PHOTO-2020-12-06-22-09-50-1-300x200.jpg\" alt=\"\" data-id=\"116\" data-full-url=\"https:\/\/www.24-7auto.at\/wp-content\/uploads\/2020\/12\/PHOTO-2020-12-06-22-09-50-1.jpg\" data-link=\"https:\/\/www.24-7auto.at\/?attachment_id=116\" class=\"wp-image-116\" srcset=\"https:\/\/www.24-7auto.at\/wp-content\/uploads\/2020\/12\/PHOTO-2020-12-06-22-09-50-1-300x200.jpg 300w, https:\/\/www.24-7auto.at\/wp-content\/uploads\/2020\/12\/PHOTO-2020-12-06-22-09-50-1-1024x682.jpg 1024w, https:\/\/www.24-7auto.at\/wp-content\/uploads\/2020\/12\/PHOTO-2020-12-06-22-09-50-1-768x512.jpg 768w, https:\/\/www.24-7auto.at\/wp-content\/uploads\/2020\/12\/PHOTO-2020-12-06-22-09-50-1-1536x1023.jpg 1536w, https:\/\/www.24-7auto.at\/wp-content\/uploads\/2020\/12\/PHOTO-2020-12-06-22-09-50-1.jpg 1600w\" sizes=\"(max-width: 300px) 100vw, 300px\" \/><\/figure><\/li><li class=\"blocks-gallery-item\"><figure><img loading=\"lazy\" width=\"240\" height=\"300\" src=\"https:\/\/www.24-7auto.at\/wp-content\/uploads\/2020\/12\/PHOTO-2020-12-06-22-09-49-2-240x300.jpg\" alt=\"\" data-id=\"118\" data-full-url=\"https:\/\/www.24-7auto.at\/wp-content\/uploads\/2020\/12\/PHOTO-2020-12-06-22-09-49-2.jpg\" data-link=\"https:\/\/www.24-7auto.at\/?attachment_id=118\" class=\"wp-image-118\" srcset=\"https:\/\/www.24-7auto.at\/wp-content\/uploads\/2020\/12\/PHOTO-2020-12-06-22-09-49-2-240x300.jpg 240w, https:\/\/www.24-7auto.at\/wp-content\/uploads\/2020\/12\/PHOTO-2020-12-06-22-09-49-2-819x1024.jpg 819w, https:\/\/www.24-7auto.at\/wp-content\/uploads\/2020\/12\/PHOTO-2020-12-06-22-09-49-2-768x960.jpg 768w, https:\/\/www.24-7auto.at\/wp-content\/uploads\/2020\/12\/PHOTO-2020-12-06-22-09-49-2.jpg 1042w\" sizes=\"(max-width: 240px) 100vw, 240px\" \/><\/figure><\/li><li class=\"blocks-gallery-item\"><figure><img loading=\"lazy\" width=\"169\" height=\"300\" src=\"https:\/\/www.24-7auto.at\/wp-content\/uploads\/2020\/12\/PHOTO-2020-12-06-22-09-51-2-169x300.jpg\" alt=\"\" data-id=\"119\" data-full-url=\"https:\/\/www.24-7auto.at\/wp-content\/uploads\/2020\/12\/PHOTO-2020-12-06-22-09-51-2.jpg\" data-link=\"https:\/\/www.24-7auto.at\/?attachment_id=119\" class=\"wp-image-119\" srcset=\"https:\/\/www.24-7auto.at\/wp-content\/uploads\/2020\/12\/PHOTO-2020-12-06-22-09-51-2-169x300.jpg 169w, https:\/\/www.24-7auto.at\/wp-content\/uploads\/2020\/12\/PHOTO-2020-12-06-22-09-51-2-575x1024.jpg 575w, https:\/\/www.24-7auto.at\/wp-content\/uploads\/2020\/12\/PHOTO-2020-12-06-22-09-51-2-768x1367.jpg 768w, https:\/\/www.24-7auto.at\/wp-content\/uploads\/2020\/12\/PHOTO-2020-12-06-22-09-51-2-863x1536.jpg 863w, https:\/\/www.24-7auto.at\/wp-content\/uploads\/2020\/12\/PHOTO-2020-12-06-22-09-51-2.jpg 899w\" sizes=\"(max-width: 169px) 100vw, 169px\" \/><\/figure><\/li><li class=\"blocks-gallery-item\"><figure><img loading=\"lazy\" width=\"300\" height=\"225\" src=\"https:\/\/www.24-7auto.at\/wp-content\/uploads\/2020\/12\/PHOTO-2020-12-06-21-41-14-1-300x225.jpg\" alt=\"\" data-id=\"117\" data-full-url=\"https:\/\/www.24-7auto.at\/wp-content\/uploads\/2020\/12\/PHOTO-2020-12-06-21-41-14-1.jpg\" data-link=\"https:\/\/www.24-7auto.at\/?attachment_id=117\" class=\"wp-image-117\" srcset=\"https:\/\/www.24-7auto.at\/wp-content\/uploads\/2020\/12\/PHOTO-2020-12-06-21-41-14-1-300x225.jpg 300w, https:\/\/www.24-7auto.at\/wp-content\/uploads\/2020\/12\/PHOTO-2020-12-06-21-41-14-1-768x576.jpg 768w, https:\/\/www.24-7auto.at\/wp-content\/uploads\/2020\/12\/PHOTO-2020-12-06-21-41-14-1.jpg 1024w\" sizes=\"(max-width: 300px) 100vw, 300px\" \/><\/figure><\/li><li class=\"blocks-gallery-item\"><figure><img loading=\"lazy\" width=\"300\" height=\"225\" src=\"https:\/\/www.24-7auto.at\/wp-content\/uploads\/2020\/12\/24-7-300x225.jpg\" alt=\"\" data-id=\"120\" data-full-url=\"https:\/\/www.24-7auto.at\/wp-content\/uploads\/2020\/12\/24-7.jpg\" data-link=\"https:\/\/www.24-7auto.at\/?attachment_id=120\" class=\"wp-image-120\" srcset=\"https:\/\/www.24-7auto.at\/wp-content\/uploads\/2020\/12\/24-7-300x225.jpg 300w, https:\/\/www.24-7auto.at\/wp-content\/uploads\/2020\/12\/24-7-768x576.jpg 768w, https:\/\/www.24-7auto.at\/wp-content\/uploads\/2020\/12\/24-7.jpg 1024w\" sizes=\"(max-width: 300px) 100vw, 300px\" \/><\/figure><\/li><li class=\"blocks-gallery-item\"><figure><img loading=\"lazy\" width=\"300\" height=\"225\" src=\"https:\/\/www.24-7auto.at\/wp-content\/uploads\/2020\/06\/WhatsApp-Image-2020-06-21-at-19.54.30-300x225.jpeg\" alt=\"\" data-id=\"62\" data-full-url=\"https:\/\/www.24-7auto.at\/wp-content\/uploads\/2020\/06\/WhatsApp-Image-2020-06-21-at-19.54.30.jpeg\" data-link=\"https:\/\/www.24-7auto.at\/?attachment_id=62\" class=\"wp-image-62\" srcset=\"https:\/\/www.24-7auto.at\/wp-content\/uploads\/2020\/06\/WhatsApp-Image-2020-06-21-at-19.54.30-300x225.jpeg 300w, https:\/\/www.24-7auto.at\/wp-content\/uploads\/2020\/06\/WhatsApp-Image-2020-06-21-at-19.54.30-768x576.jpeg 768w, https:\/\/www.24-7auto.at\/wp-content\/uploads\/2020\/06\/WhatsApp-Image-2020-06-21-at-19.54.30.jpeg 1024w\" sizes=\"(max-width: 300px) 100vw, 300px\" \/><\/figure><\/li><li class=\"blocks-gallery-item\"><figure><img loading=\"lazy\" width=\"300\" height=\"225\" src=\"https:\/\/www.24-7auto.at\/wp-content\/uploads\/2020\/06\/WhatsApp-Image-2020-06-21-at-19.54.29-3-300x225.jpeg\" alt=\"\" data-id=\"66\" data-full-url=\"https:\/\/www.24-7auto.at\/wp-content\/uploads\/2020\/06\/WhatsApp-Image-2020-06-21-at-19.54.29-3.jpeg\" data-link=\"https:\/\/www.24-7auto.at\/?attachment_id=66\" class=\"wp-image-66\" srcset=\"https:\/\/www.24-7auto.at\/wp-content\/uploads\/2020\/06\/WhatsApp-Image-2020-06-21-at-19.54.29-3-300x225.jpeg 300w, https:\/\/www.24-7auto.at\/wp-content\/uploads\/2020\/06\/WhatsApp-Image-2020-06-21-at-19.54.29-3-768x576.jpeg 768w, https:\/\/www.24-7auto.at\/wp-content\/uploads\/2020\/06\/WhatsApp-Image-2020-06-21-at-19.54.29-3.jpeg 1024w\" sizes=\"(max-width: 300px) 100vw, 300px\" \/><\/figure><\/li><li class=\"blocks-gallery-item\"><figure><img loading=\"lazy\" width=\"300\" height=\"225\" src=\"https:\/\/www.24-7auto.at\/wp-content\/uploads\/2020\/06\/WhatsApp-Image-2020-06-21-at-19.54.29-6-300x225.jpeg\" alt=\"\" data-id=\"63\" data-full-url=\"https:\/\/www.24-7auto.at\/wp-content\/uploads\/2020\/06\/WhatsApp-Image-2020-06-21-at-19.54.29-6.jpeg\" data-link=\"https:\/\/www.24-7auto.at\/?attachment_id=63\" class=\"wp-image-63\" srcset=\"https:\/\/www.24-7auto.at\/wp-content\/uploads\/2020\/06\/WhatsApp-Image-2020-06-21-at-19.54.29-6-300x225.jpeg 300w, https:\/\/www.24-7auto.at\/wp-content\/uploads\/2020\/06\/WhatsApp-Image-2020-06-21-at-19.54.29-6-768x576.jpeg 768w, https:\/\/www.24-7auto.at\/wp-content\/uploads\/2020\/06\/WhatsApp-Image-2020-06-21-at-19.54.29-6.jpeg 1024w\" sizes=\"(max-width: 300px) 100vw, 300px\" \/><\/figure><\/li><\/ul><\/figure>\n\n\n\n<p><\/p>\n","protected":false},"excerpt":{"rendered":"<p>Wir schleppen ab, setzen um und bergen sicher \u2013 in der Stadt, auf dem Land, Stra\u00dfe, Autobahn, Gel\u00e4nde, Graben, Grube, Parkhaus oder Tiefgarage. Von Motorrad \u00fcber Pkw bis hin zum komplett beladenem Anh\u00e4nger, Wohnmobil, Sattelzug oder Verkehrsbus. Wir fragen gezielt, sch\u00e4tzen Deine Situation schnell ein, koordinieren zielbringend und handeln sofort. Wir sind Dein Partner vor [&hellip;]<\/p>\n","protected":false},"author":1,"featured_media":0,"parent":0,"menu_order":0,"comment_status":"closed","ping_status":"open","template":"","meta":[],"_links":{"self":[{"href":"https:\/\/www.24-7auto.at\/index.php?rest_route=\/wp\/v2\/pages\/2"}],"collection":[{"href":"https:\/\/www.24-7auto.at\/index.php?rest_route=\/wp\/v2\/pages"}],"about":[{"href":"https:\/\/www.24-7auto.at\/index.php?rest_route=\/wp\/v2\/types\/page"}],"author":[{"embeddable":true,"href":"https:\/\/www.24-7auto.at\/index.php?rest_route=\/wp\/v2\/users\/1"}],"replies":[{"embeddable":true,"href":"https:\/\/www.24-7auto.at\/index.php?rest_route=%2Fwp%2Fv2%2Fcomments&post=2"}],"version-history":[{"count":16,"href":"https:\/\/www.24-7auto.at\/index.php?rest_route=\/wp\/v2\/pages\/2\/revisions"}],"predecessor-version":[{"id":132,"href":"https:\/\/www.24-7auto.at\/index.php?rest_route=\/wp\/v2\/pages\/2\/revisions\/132"}],"wp:attachment":[{"href":"https:\/\/www.24-7auto.at\/index.php?rest_route=%2Fwp%2Fv2%2Fmedia&parent=2"}],"curies":[{"name":"wp","href":"https:\/\/api.w.org\/{rel}","templated":true}]}}